git of n(r)?
5
Suppose 5*x = 4*x. Suppose 5*f + 4*s = 102, -4*f = -x*f + s - 86. What is the units digit of f?
2
Let v(p) = -p**3 + 15*p**2 - 17*p - 6. What is the units digit of v(13)?
1
What is the tens digit of (-1)/(-2) - 31/(-2)?
1
Let b = -11 - -22. Suppose 5*f = v - b, 4*v - 5*f + 3*f = 44. What is the units digit of v?
1
Let v be 1 + 1 - (-7 + 5). Suppose v*h = 10 + 18. What is the units digit of h?
7
Let p be -22*(-3 - (-3 + 2)). Let x = 74 - p. What is the units digit of x?
0
Suppose -3*q - 453 = -3*i, -4*i + 433 = -i + 2*q. What is the units digit of i?
7
Let i = 288 + -143. What is the tens digit of i?
4
Let p(d) be the second derivative of d**5/20 - 7*d**4/12 + d**3/6 - 2*d**2 + 5*d. Suppose -26 = -2*j - 0*v - 3*v, 10 = 2*j - v. What is the units digit of p(j)?
3
Let w(t) = -t**3 + 6*t**2 + 3*t - 9. Let b(v) = v**2 - v + 6. Let o be b(0). What is the units digit of w(o)?
9
Let d be 78 - (18/3)/3. Suppose -3*g - 16 = -d. What is the tens digit of g?
2
Suppose -a - 2*g = -0*a + 4, 2*a + 2*g = -2. Let k(n) = 0*n**2 + n**a - 5 + 2*n + 0*n. What is the tens digit of k(-5)?
1
Let u(o) = 5*o - 2. What is the units digit of u(1)?
3
Suppose g = -c + 47, -2*c - g + 0*g = -93. What is the units digit of c?
6
Let x(v) = v**2 + v - 1. Let h be x(-3). Suppose h*l = 2*p + 28, l = -l + 4*p + 24. What is the units digit of l?
4
Let q be ((-2)/(-5))/((-3)/(-225)). Let h be -1*((1 - 2) + -2). Suppose -2*x - h*x + q = 0. What is the units digit of x?
6
Let u = -11 - -31. Suppose -4*c - c + d = -u, -11 = -2*c + d. Let l(h) = h**3 - 3*h**2 + h - 2. What is the units digit of l(c)?
1
Let y = 126 - 58. What is the tens digit of y?
6
Suppose -d - 28 = -z - 0*z, -z - 5*d + 22 = 0. What is the units digit of z?
7
Let c(h) = 6 + 0 - h - 4. Let q be c(8). What is the units digit of (q/5)/((-3)/15)?
6
Let i(m) = 18*m**2. Let j be i(2). Suppose -7*p + j = -3*p. Suppose -3*l + l + p = -5*b, 4*l - 8 = -4*b. What is the units digit of l?
4
Suppose 96 = 4*w - 160. What is the tens digit of w?
6
Let k be 34/((-2)/2*-1). Let w = -24 + k. Let q = -5 + w. What is the units digit of q?
5
Let k = -6 - -4. What is the tens digit of 1 + k/(-4)*42?
2
Let i = 46 + 28. What is the tens digit of i?
7
Let n be (2 - -1) + (-5 - -5). Suppose -3*h - 81 = -5*s - 26, 2*h = 3*s - 32. Let g = s - n. What is the tens digit of g?
1
Let l(b) be the second derivative of b + 3/2*b**3 + 2*b**2 + 0 - 1/12*b**4. What is the units digit of l(9)?
4
Let o = -59 + 158. What is the units digit of o?
9
Let h(v) = -v**3 - 6*v**2 + 5*v - 4. What is the units digit of h(-7)?
0
Let f be 78/9*9/(-2). Let x = -12 - f. What is the units digit of x?
7
Let h = 23 + 39. Suppose r = -r + h. What is the units digit of r?
1
Let a be (5/(-3))/(3/(-9)). Suppose 6*j = a*j. Suppose -75 = -j*u - 5*u. What is the units digit of u?
5
What is the tens digit of (1 + -6 - -13)/(2/16)?
6
What is the tens digit of ((-58)/8)/(5/(-20))?
2
Let a(f) = -2*f**3 + 3*f**2 - f + 2. Let q be a(2). Let w = 11 + q. What is the units digit of w?
7
Suppose -3*t + 7*t - 476 = 4*n, -4*n = -3*t + 352. What is the units digit of t?
4
Let v(j) = j + 1. Let r(p) = -p**3 + 9*p**2 - 7*p - 3. Let i be r(8). What is the units digit of v(i)?
6
What is the units digit of (-10)/(-15) + 805/3?
9
Suppose 3*f - 40 = 8*f. What is the units digit of (36/(-10))/(f/20)?
9
Let z(y) = -y**3 + 4*y**2 - y - 2. Let b = 3 - 0. Let s be z(b). Suppose -s*g - 2 = -22. What is the units digit of g?
5
Let j(f) = f**2 + 3*f + 4. Let r be j(-4). Let u = r + -4. What is the units digit of u?
4
Suppose 2*u - u = 0, 0 = y + 2*u - 36. What is the units digit of y?
6
Let v be (2 - (2 + -2)) + 2. Suppose -4*c + v*i + 132 = c, 3*c + 3*i - 63 = 0. Suppose -2*d = -4*b - c, -4*d - 4*b = -3*d - 6. What is the units digit of d?
0
Let k be (5 - 1) + (-2 - 0). Suppose -4*u + 2*u + k = 0. What is the units digit of u?
1
Let u be ((-48)/40)/(2/(-10)). Suppose -4*z + u = -14. What is the units digit of z?
5
Suppose -4*u = 3*q - 13, 2*u + 3 = -1. Let a = 4 - q. Let x = 2 - a. What is the units digit of x?
5
Let r = 21 + -33. What is the units digit of 2/r*-2*12?
4
Let n be (5 + -14)*(0 + 1). What is the units digit of -8*1*(n + 5)?
2
What is the units digit of ((-14)/8)/(-3 - (-203)/68)?
9
Let p(i) = 7*i - 27. What is the units digit of p(9)?
6
Suppose -5*a + 10 + 10 = 0. What is the units digit of a?
4
Suppose 3*w = -0*b - 2*b + 151, 0 = 5*w - b - 256. What is the tens digit of w?
5
Let s(n) = n**3 + 5*n**2 + n + 5. Let t be s(-5). Suppose 7*d - 4*d = t. Suppose 2*y + 5 - 25 = d. What is the units digit of y?
0
Suppose 6*f - 7*f + 88 = 0. What is the tens digit of f?
8
Let c(r) = r**2 + 2*r**2 + 2 - 4*r**2. Let g be c(2). What is the units digit of g + 6 - 0 - -1?
5
Let w(h) be the third derivative of h**5/60 + h**4/8 - h**3/2 - 6*h**2. What is the units digit of w(-6)?
5
Let y(u) = u**3 - 2*u**2 - u - 1. What is the units digit of y(8)?
5
Let m be (-2 + 2)/(1*3). Suppose v = -m*v. What is the units digit of (-21)/(-3) - 1 - v?
6
Let p = 289 - 143. What is the tens digit of p?
4
Let v be (5 - 1) + -2 - -13. Suppose -3*c + v = -3*n - 6, 0 = -5*n - 20. Suppose 0 = 2*f - 11 - c. What is the units digit of f?
7
Let i(d) = d**2 - 2*d - 5. What is the tens digit of i(7)?
3
Suppose 2*j + 28 = -4*y - 30, j - 69 = 5*y. Let n = y + 15. What is the units digit of n?
1
Suppose -6*b = -b - 20. Suppose b*q = -8 - 4. What is the units digit of ((3 - 1) + q)*-1?
1
Suppose 4*x = -2*s - 4, -s = 3*x - 4*x - 1. What is the units digit of (-6 + -1 - 0)*x?
7
Let c(t) = -t**2 + 5*t + 4. Let n be c(5). Let y = -10 - -16. Suppose b + y + 3 = -5*h, -n*b = 3*h - 15. What is the units digit of b?
6
Suppose 3*b = -5*h + 16, -4*h + 1 = -5*b + 3. Let d be h/12 - (-138)/36. Suppose 20 = d*r + 3*u - u, -3*u = -5*r + 47. What is the units digit of r?
7
Let t = 213 - 114. What is the units digit of ((-2)/3)/((-6)/t)?
1
Let o be (-10)/3*9/(-2). Suppose -3*c - 11 = -5*w + w, o = 5*c. What is the units digit of w?
5
Let p(h) = -h**3 - 6*h**2 - 7*h + 13. What is the tens digit of p(-7)?
1
Let g(i) = -i**3 - i - i + 7*i**2 + 0*i - 4*i. Let z be g(6). Suppose z = -v + 5*v - 28. What is the units digit of v?
7
Suppose -39 = -2*h + 11. Suppose 2*b + 0*n = -n + 13, 0 = 5*b + n - h. Suppose -4*r = b*d - 48, r - 5*r = -3*d - 13. What is the units digit of r?
7
Suppose 0*k - 3*c + 3 = 4*k, 5*k - c = 18. What is the units digit of (-1*k)/((-6)/28)?
4
Let v(x) = x**3 - 16*x**2 + 12*x + 24. What is the units digit of v(16)?
6
Let w(b) = b**2 - b + 1. What is the units digit of w(1)?
1
Suppose 3*v - 1 - 2 = 0. Let h(a) = v + 1 - 6*a + 10*a. What is the tens digit of h(3)?
1
Suppose -2*m + 3*m = 0. Let o(l) = l**3 - l**2 + 5. What is the units digit of o(m)?
5
Let d(q) = q**2 - 5*q + 14. What is the tens digit of d(7)?
2
Suppose -4*d - 7 = -5*d. Let k(x) = x**3 + 3*x**2 - 2*x - 4. Let w be k(-3). Suppose -w*m = d - 35. What is the tens digit of m?
1
Let z = 33 - -20. What is the units digit of z?
3
Let u be 4/18 + (-32)/(-18). What is the units digit of ((-3)/u)/((-11)/22)?
3
Let y = -12 + 22. Suppose 0 = -2*s + 7*s - y. What is the units digit of s?
2
Let a = -47 - -97. Let u = a - 20. What is the tens digit of u?
3
Suppose 5 = -s + 2*s. Suppose -s*h = -2*h - 174. What is the units digit of h?
8
Let i = -25 + 41. Let l = -10 + i. Let d = l - 4. What is the units digit of d?
2
Let f(q) = q**3 - 5*q**2 - q + 5. What is the units digit of f(6)?
5
Let x(d) = d. What is the units digit of x(4)?
4
Let i be (12/9)/(4/18). Suppose -7*x + 4*x + i = 0. Suppose -x*k = -10 - 24. What is the tens digit of k?
1
Suppose 4*b = 4*y + 20, 4*b + 2*y - 26 = -0*y. Let x(k) = 8*k. What is the units digit of x(b)?
8
Let a = 37 + -25. What is the tens digit of a?
1
Let w(u) = -u**3 - 11*u**2 + 11*u - 10. Let j be w(-12). Suppose -2*h - 5*v = -j*v - 16, -v = 4. What is the units digit of h?
4
Let a(l) be the third derivative of l**4/24 - 3*l**2. Suppose u + i + 5 = -4*i, 2*i = -6. What is the tens digit of a(u)?
1
Let l(c) = c**3 + 5*c**2 - 7*c - 6. Let i be l(-6). Let v = 1 - 1. Suppose v = k - i - 2. What is the units digit of k?
2
Suppose -5*w = -4*x + 397, 5*x - 460 = 3*w - 4*w. Suppose 5*n - x = -23. What is the units digit of n?
4
Let l = 212 + -105